{"id":16,"date":"2014-08-24T11:23:29","date_gmt":"2014-08-24T11:23:29","guid":{"rendered":"http:\/\/blog.fernweh.de\/?page_id=16"},"modified":"2016-05-10T12:49:09","modified_gmt":"2016-05-10T12:49:09","slug":"about","status":"publish","type":"page","link":"https:\/\/blog.fernweh.de\/index.php\/about\/","title":{"rendered":"\u00dcber uns"},"content":{"rendered":"<p>Hall\u00f6chen, wir sind Nadira und Tom, willkommen auf unserem kleinen Reiseblog. Wir schreiben hier \u00fcber unsere gro\u00dfe Reise um die Welt, und f\u00fcr alle, die uns noch nicht kennen \u2013 ein kleines Kennenlernen. Viel Spa\u00df!<\/p>\n<div class='shortcode col2-1 first'>\n<h2>Nadira<\/h2>\n<p>Einhorn-Gl\u00e4ubige, Textloverine, Gin-Anh\u00e4ngerin. H\u00fcpf-Klatsch-und-Tanz-Enthusiastin. K\u00f6lsch M\u00e4dche, Lieblingsschwester.<\/p>\n<\/div>\n<div class='shortcode col2-1'>\n<h2>Tom<\/h2>\n<p>Sonnenbrand-Kenner, Pixel<del>schubser<\/del>lover, M\u00f6chtegern-Fotograf, Gitarrennerd, Affenfreund, Schlaf-Fan.<br \/>\n<\/div>\n<p><img loading=\"lazy\" decoding=\"async\" class=\"aligncenter wp-image-244 size-full\" src=\"https:\/\/blog.fernweh.de\/wp-content\/uploads\/2014\/08\/ueberuns.jpg\" alt=\"\" width=\"840\" height=\"216\" srcset=\"https:\/\/blog.fernweh.de\/wp-content\/uploads\/2014\/08\/ueberuns.jpg 840w, https:\/\/blog.fernweh.de\/wp-content\/uploads\/2014\/08\/ueberuns-300x77.jpg 300w\" sizes=\"auto, (max-width: 840px) 100vw, 840px\" \/><\/p>\n<h2>Von Bla zu Yeah &#8211; oder wie alles begann<\/h2>\n<p>Am Anfang war es nur eine kitschige Idee \u2013 einmal die ganze Welt sehen. Initialisiert durch berauschende Interrail-Trips in Jugendzeiten wollte ich, Nadira, irgendwann einmal die Freiheit beim Reisen im ganz gro\u00dfen Stil erleben. Denn nichts ist beeindruckender als der Moment, wenn man an einem Bahnhof in der s\u00fcdfranz\u00f6sischen Provinz steht, sich irgendeinen Ort an der Tafel aussucht und sagt: Jo, da fahren wir jetzt hin.<\/p>\n<p>W\u00e4hrend des Studiums war dann doch alles andere wichtiger, sodass das Reisen zun\u00e4chst nach hinten geschoben wurde. Dann folgte der Jobeinstieg als Redakteurin, und ein paar Jahre des Arbeitens gingen ins Land. Als ich auf Tom traf, stellte es sich heraus, dass auch in ihm ein Anti-Pauschalurlaub-Reisender steckte. Denn Tom tourte bis dato lieber mit dem Rucksack durch Albanien, als sich irgendwo an einen Strand zu legen. Das Backpacken durch den Balkan weckte in ihm ebenfalls die Lust auf mehr, so dass er auch mit dem Gedanken spielte, sein Kommunikationsdesign-Studium zu unterbrechen, um die Welt zu sehen.<\/p>\n<p>Offensichtlich schlummerte in unseren K\u00f6pfen parallel der gleiche Gedanke. Am Anfang war es noch ein\u00a0&#8222;man m\u00fcsste irgendwann mal&#8220; bis wir irgendwann entschieden, einen konkreten Plan daraus zu machen. Wir legten ein Datum fest, an dem es losgehen sollte und fingen mit der Orga an. Ein paar Monate und unfassbar viele To-Do-Listen sp\u00e4ter, hatten wir tr\u00e4nenreich unsere\u00a0Jobs gek\u00fcndigt, die gemeinsame Wohnung aufgel\u00f6st und gef\u00fchlte 1 Milliarde Impfungen vorgenommen. Und nun geht es endlich los!<\/p>\n<p><em>Update: Seit Mai 2015 sind wir nach sieben atemberaubenden Monaten wieder in Deutschland. Es war eine unfassbar tolle Zeit! Aber die n\u00e4chste Reise kommt bestimmt&#8230;<\/em><\/p>\n","protected":false},"excerpt":{"rendered":"<p>Hall\u00f6chen, wir sind Nadira und Tom, willkommen auf unserem kleinen Reiseblog. Wir schreiben hier \u00fcber unsere gro\u00dfe Reise um die Welt, und f\u00fcr alle, die uns noch nicht kennen \u2013 ein kleines Kennenlernen. Viel Spa\u00df! Von Bla zu Yeah &#8211; oder wie alles begann Am Anfang war es nur eine kitschige Idee \u2013 einmal die(&#8230;)<\/p>\n","protected":false},"author":1,"featured_media":0,"parent":0,"menu_order":0,"comment_status":"closed","ping_status":"open","template":"","meta":{"jetpack_post_was_ever_published":false,"footnotes":""},"class_list":["post-16","page","type-page","status-publish","hentry"],"jetpack_sharing_enabled":true,"jetpack_shortlink":"https:\/\/wp.me\/P4YpW4-g","_links":{"self":[{"href":"https:\/\/blog.fernweh.de\/index.php\/wp-json\/wp\/v2\/pages\/16","targetHints":{"allow":["GET"]}}],"collection":[{"href":"https:\/\/blog.fernweh.de\/index.php\/wp-json\/wp\/v2\/pages"}],"about":[{"href":"https:\/\/blog.fernweh.de\/index.php\/wp-json\/wp\/v2\/types\/page"}],"author":[{"embeddable":true,"href":"https:\/\/blog.fernweh.de\/index.php\/wp-json\/wp\/v2\/users\/1"}],"replies":[{"embeddable":true,"href":"https:\/\/blog.fernweh.de\/index.php\/wp-json\/wp\/v2\/comments?post=16"}],"version-history":[{"count":68,"href":"https:\/\/blog.fernweh.de\/index.php\/wp-json\/wp\/v2\/pages\/16\/revisions"}],"predecessor-version":[{"id":1602,"href":"https:\/\/blog.fernweh.de\/index.php\/wp-json\/wp\/v2\/pages\/16\/revisions\/1602"}],"wp:attachment":[{"href":"https:\/\/blog.fernweh.de\/index.php\/wp-json\/wp\/v2\/media?parent=16"}],"curies":[{"name":"wp","href":"https:\/\/api.w.org\/{rel}","templated":true}]}}